2 - 244*b + 190. Determine c(-11).
-30
Let r(w) = 2683*w + 21458. Give r(-8).
-6
Let c(w) = w**2 - 26*w - 124. What is c(-9)?
191
Let s(a) = -14*a**2 + 750*a + 127. Calculate s(54).
-197
Let o(u) = -51*u**2 - 160*u + 176. What is o(-4)?
0
Let f(o) = 4*o**2 + 53*o - 38. Give f(-12).
-98
Let a(c) = 50*c - 2643. Give a(55).
107
Let x(h) = 45*h**3 + 5*h**2 - 6*h - 4. Calculate x(1).
40
Let g(m) = m**3 + 15*m**2 + 3*m - 137. Calculate g(-11).
314
Let i(h) = 3*h**3 - 22*h**2 - 24*h + 155. Calculate i(5).
-140
Let t(d) = d**2 - 313*d - 5618. What is t(-17)?
-8
Let v(q) = 2*q**3 + 15*q**2 + 22*q - 10. What is v(-5)?
5
Let o(t) = 3*t**2 - 292*t - 1725. Give o(103).
26
Let a(d) = 25*d + 1309. Give a(-53).
-16
Let h(l) = -l**2 - 56*l + 679. Determine h(9).
94
Let m(d) = 102*d - 1364. What is m(13)?
-38
Let s(h) = 17*h**2 - 10*h + 42. What is s(4)?
274
Let q(k) = -k**2 - 63*k + 1011. Determine q(-76).
23
Let v(c) = -138*c - 6738. Calculate v(-49).
24
Let w(p) = 8*p - 474. Calculate w(16).
-346
Let v(i) = -1648*i - 104. Determine v(0).
-104
Let c(i) = 162*i - 313. Determine c(2).
11
Let c(f) = 885*f + 5297. Calculate c(-6).
-13
Let c(u) = u**3 + 11*u**2 + 18*u - 8. What is c(-2)?
-8
Let h(b) = -112*b + 2585. Calculate h(23).
9
Let g(l) = l**3 - l**2 + 80*l - 264. Calculate g(3).
-6
Let o(w) = -7*w**2 + 237*w + 49. What is o(34)?
15
Let m(c) = -16*c - 308. What is m(-27)?
124
Let n(w) = w**3 + 13*w**2 + 2*w + 13. Determine n(-13).
-13
Let j(r) = -r**3 + 13*r**2 - 4*r + 256. Calculate j(14).
4
Let d(g) = g**3 - 2*g**2 + 16*g - 405. Calculate d(0).
-405
Let h(u) = u**3 - 36*u**2 + 306*u + 15. Determine h(14).
-13
Let i(p) = p**2 - 39*p + 139. What is i(31)?
-109
Let w(f) = -f**3 + 40*f**2 - 80*f + 7. What is w(38)?
-145
Let h(z) = -z**3 + 16*z**2 - 18*z - 126. Give h(14).
14
Let i(o) = 131*o - 15531. Determine i(119).
58
Let l(q) = 67*q + 1803. Give l(-27).
-6
Let k(q) = 6*q - 259. What is k(48)?
29
Let u(t) = 168*t + 723. Determine u(-4).
51
Let p(d) = -20*d + 5. Give p(-10).
205
Let u(c) = c**3 - 168*c**2 - 218*c + 8290. Calculate u(169).
9
Let a(y) = y**3 - 7*y**2 + 204*y - 778. Determine a(4).
-10
Let t(d) = 276*d - 612. Determine t(2).
-60
Let j(y) = 197*y + 8097. Determine j(-41).
20
Let b(a) = -279*a + 1142. Determine b(4).
26
Let f(h) = h**2 - 31*h - 2125. Calculate f(64).
-13
Let g(o) = o**3 + 18*o**2 + 59*o + 708. What is g(-17)?
-6
Let d(w) = 6*w**2 + 36*w - 6. Calculate d(-9).
156
Let l(b) = b**2 + 37*b + 59. What is l(-33)?
-73
Let x(w) = 1630*w + 4891. What is x(-3)?
1
Let p(g) = -2*g**2 + 119*g + 85. Calculate p(59).
144
Let y(x) = -36*x**2 - 99*x - 4. What is y(-4)?
-184
Let k(o) = -o**3 - 24*o**2 - 56*o + 12. What is k(-22)?
276
Let m(s) = -18*s - 284. Determine m(-16).
4
Let z(g) = -g**3 + 2*g**2 - 2*g + 2. What is z(0)?
2
Let h(s) = s**3 - 76*s**2 - 76*s - 109. Calculate h(77).
-32
Let w(h) = -2*h**3 + 80*h**2 - 80*h + 47. Calculate w(39).
-31
Let b(q) = -48*q - 3311. Calculate b(-69).
1
Let r(y) = y**3 + 19*y**2 + 39*y - 29. Calculate r(-15).
286
Let z(i) = -3*i**2 + 98*i + 42. Give z(33).
9
Let t(g) = -11*g - 50. Determine t(-10).
60
Let j(k) = 3*k**3 + 33*k**2 - 241*k + 41. Determine j(-16).
57
Let c(x) = x**2 + 58*x - 520. What is c(-58)?
-520
Let y(j) = j + 40. Give y(-13).
27
Let w(d) = -2*d**3 - 24*d**2 - 46*d. Calculate w(-2).
12
Let d(x) = 39*x - 2983. Determine d(77).
20
Let n(y) = -147*y - 2920. Calculate n(-21).
167
Let f(i) = i**3 + 12*i**2 - 42*i + 21. What is f(-15)?
-24
Let s(x) = 20*x + 533. Give s(0).
533
Let w(c) = 99*c + 788. What is w(-8)?
-4
Let z(y) = -y**3 + 43*y**2 - 214*y - 282. Determine z(37).
14
Let y(d) = -d**3 + 6*d**2 - 24*d + 21. Calculate y(2).
-11
Let d(f) = 236*f**3 + f**2 + f - 1. Determine d(-1).
-237
Let c(a) = -11*a**2 + 458*a - 1527. Give c(38).
-7
Let y(w) = -w**3 + 45*w**2 + 6*w - 615. Calculate y(45).
-345
Let z(f) = 14*f**2 + 6*f + 1. What is z(4)?
249
Let k(i) = -i**3 - 14*i**2 - 36*i - 26. Determine k(-2).
-2
Let h(i) = 5*i - 7. Give h(-1).
-12
Let w(b) = 276*b - 821. What is w(3)?
7
Let v(f) = -f**3 + 28*f**2 + 26*f + 72. What is v(29)?
-15
Let j(a) = -2*a**2 - 40*a - 184. Determine j(-12).
8
Let o(b) = 68*b + 507. Give o(-7).
31
Let d(o) = o**3 + 5*o**2 + 2323*o + 18732. Give d(-8).
-44
Let v(s) = -s**2 - 75*s - 1397. Calculate v(-41).
-3
Let r(g) = -2*g**3 + 37*g**2 - 123*g - 13. Determine r(14).
29
Let h(b) = 4*b**2 + 7*b + 4. Give h(-4).
40
Let m(l) = 2*l**2 - 67*l - 181. Give m(36).
-1
Let d(m) = -4*m**2 + 92*m + 7. Give d(23).
7
Let p(n) = -n**3 - 16*n**2 + 2*n + 16. What is p(-16)?
-16
Let i(d) = d**3 + 32*d**2 + 219*d - 3. What is i(-11)?
129
Let b(t) = t**3 + 5*t**2 - 169*t - 1039. Determine b(-6).
-61
Let c(t) = -3*t**2 - 310*t - 5060. Determine c(-83).
3
Let v(m) = 68*m - 24. Give v(0).
-24
Let a(q) = -7*q**3 - 6*q**2 + q + 2. What is a(-1)?
2
Let i(o) = 3*o**3 + 47*o**2 + 10*o + 430. Give i(-16).
14
Let v(u) = 4*u**2 - 72*u + 14. Determine v(18).
14
Let f(a) = 4*a**3 + 40*a**2 - 15*a - 143. Calculate f(-10).
7
Let k(x) = -425*x - 5525. Calculate k(-13).
0
Let q(d) = 48*d + 212. Calculate q(-4).
20
Let k(o) = o**3 - 479*o**2 - 1451*o - 4. What is k(-3)?
11
Let i(a) = -7*a**2 - 53*a - 55. What is i(-1)?
-9
Let m(f) = f**3 - 4*f**2 + 13*f - 33. Calculate m(3).
-3
Let v(a) = -287*a + 22. Calculate v(0).
22
Let l(g) = 232*g - 1156. Give l(5).
4
Let n(s) = 3*s**2 - 57*s - 6514. What is n(-38)?
-16
Let f(w) = w**3 + 99*w**2 + 1042*w - 203. Determine f(-87).
-29
Let f(n) = 92*n**2 - 2296*n - 24. Give f(25).
76
Let u(g) = -7*g**3 - 253*g**2 - 40*g - 186. Calculate u(-36).
-42
Let v(h) = -2*h**3 - 7*h**2 + 136*h + 143. What is v(-1)?
2
Let u(r) = -16*r**2 - 3*r + 58. Calculate u(4).
-210
Let b(r) = -r**3 + 26*r**2 - 23*r + 4. Calculate b(25).
54
Let r(y) = 330*y - 1325. Calculate r(4).
-5
Let x(u) = 3*u**2 - 17*u + 156. Calculate x(7).
184
Let n(a) = a**3 - a**2 - 2*a - 1. Determine n(2).
-1
Let r(z) = 4*z**2 - 17*z + 67. Calculate r(9).
238
Let p(z) = -3*z**2 + 84*z + 248. Calculate p(35).
-487
Let j(d) = 15*d + 75. Determine j(-5).
0
Let c(n) = -182*n - 8. What is c(0)?
-8
Let l(g) = -g**2 + 9*g + 388. Calculate l(25).
-12
Let x(n) = -53*n + 6521. Give x(123).
2
Let s(u) = 18*u - 269. Calculate s(17).
37
Let f(q) = 4*q**3 + 652*q**2 - 3*q - 489. Determine f(-163).
0
Let z(x) = 268*x**3 + 1598*x**2 - 61*x - 8. Give z(-6).
-2
Let a(u) = 2*u**3 - 24*u**2 - 86*u + 1199. Determine a(11).
11
Let m(x) = 2*x**3 - 5*x**2 - 6*x + 2. What is m(3)?
-7
Let x(m) = -m**3 + 12*m**2 - 52*m + 374. What is x(10)?
54
Let r(j) = -j**3 + 576*j**2 + 1737*j + 8. Give r(-3).
8
Let u(t) = -128*t - 737. Determine u(-4).
-225
Let k(i) = -2*i**3 + 33*i**2 - 140*i + 6. Give k(8).
-26
Let c(w) = w**3 + 12*w**2 - 37*w + 4. Give c(3).
28
Let y(j) = -j**2 - 55*j - 639. Give y(-12).
-123
Let o(j) = -36*j - 236. Determine o(-6).
-20
Let d(n) = -35*n**2 - 58*n - 37. What is d(-1)?
-14
Let r(h) = h**3 + 57*h**2 + 796*h - 43. Calculate r(-25).
57
Let z(q) = -q**3 - 12*q**2 + 78*q + 742. Determine z(-14).
42
Let g(w) = -3*w**2 - 113*w + 1635. Give g(11).
29
Let j(k) = -k**3 + 59*k**2 - 10*k + 589. What is j(59)?
-1
Let i(p) = -133*p**2 + 14*p + 13. Determine i(-1).
-134
Let s(f) = -f**3 + 3*f**2 - 3*f + 27. Calculate s(5).
-38
Let l(m) = -915*m - 5488. What is l(-6)?
2
Let x(z) = z**2 - 127*z + 2881. Determine x(29).
39
Let u(t) = 69*t - 704. What is u(10)?
-14
Let t(a) = 39*a**3 + a**2 + 4*a + 36. Give t(0).
36
Let i(q) = 4052*q + 4043. Determine i(-1).
-9
Let k(v) = -73*v + 437. What is k(0)?
437
Let f(v) = 233*v - 1811. What is f(8)?
53
Let l(c) = -34*c**2 - 355*c + 226. Give l(-11).
17
Let h(r) = -r**3 + r**2 + 15*r - 23. Calculate h(-6).
139
Let d(q) = q**3 + 9*q**2 - 62*q + 119. Give d(-14).
7
Let i(z) = -42*z**2 - 12*z + 11. Determine i(2).
-181
Let c(k) = -k**3 + 8*k**2 - k - 13. Give c(8).
-21
Let g(z) = 4870*z - 29269. Calculate g(6).
-49
Let j(p) = p**3 + 21*p**2 - 46*p - 47. Calculate j(-23).
-47
Let c(y) = -y**2 + 23*y - 111. Determine c(12).
21
Let r(k) = k**3 - 40*k**2 - 317*k + 13891. What is r(39)?
7
Let p(a) = -2*a**3 - 31*a**2 - 32*a. Determine p(0).
0
Let s(r) = 59*r + 1430. Give s(-24).
14
Let q(u) = 10*u**2 - 411*u - 17351. Calculate q(67).
2
Let v(t) = t**2 + 21*t - 42. Determine v(-17).
-110
Let b(o)